{"id":631,"date":"2023-06-09T03:07:20","date_gmt":"2023-06-09T03:07:20","guid":{"rendered":"https:\/\/distribuidoraepso.com.ar\/dysepso\/?page_id=631"},"modified":"2023-09-08T17:13:23","modified_gmt":"2023-09-08T17:13:23","slug":"elementosdeproteccionpersonal","status":"publish","type":"page","link":"https:\/\/distribuidoraepso.com.ar\/dysepso\/index.php\/elementosdeproteccionpersonal\/","title":{"rendered":"elementos de protecci\u00f3n personal"},"content":{"rendered":"\t\t<div data-elementor-type=\"wp-page\" data-elementor-id=\"631\" class=\"elementor elementor-631\">\n\t\t\t\t\t\t<section class=\"elementor-section elementor-top-section elementor-element elementor-element-8ffed5a elementor-section-boxed elementor-section-height-default elementor-section-height-default\" data-id=\"8ffed5a\" data-element_type=\"section\" data-e-type=\"section\">\n\t\t\t\t\t\t<div class=\"elementor-container elementor-column-gap-default\">\n\t\t\t\t\t<div class=\"elementor-column elementor-col-100 elementor-top-column elementor-element elementor-element-3dd181b\" data-id=\"3dd181b\" data-element_type=\"column\" data-e-type=\"column\">\n\t\t\t<div class=\"elementor-widget-wrap elementor-element-populated\">\n\t\t\t\t\t\t<div class=\"elementor-element elementor-element-5e11aba elementor-widget-divider--view-line elementor-widget elementor-widget-divider\" data-id=\"5e11aba\" data-element_type=\"widget\" data-e-type=\"widget\" data-widget_type=\"divider.default\">\n\t\t\t\t<div class=\"elementor-widget-container\">\n\t\t\t\t\t\t\t<div class=\"elementor-divider\">\n\t\t\t<span class=\"elementor-divider-separator\">\n\t\t\t\t\t\t<\/span>\n\t\t<\/div>\n\t\t\t\t\t\t<\/div>\n\t\t\t\t<\/div>\n\t\t\t\t<div class=\"elementor-element elementor-element-35ab8e8 elementor-widget elementor-widget-text-editor\" data-id=\"35ab8e8\" data-element_type=\"widget\" data-e-type=\"widget\" data-widget_type=\"text-editor.default\">\n\t\t\t\t<div class=\"elementor-widget-container\">\n\t\t\t\t\t\t\t\t\t<p><span style=\"color: rgb(0, 0, 0); font-size: 18px; letter-spacing: normal;\"><b>Elemento de protecci\u00f3n personal (EPP) son todos aquellos accesorios y vestimentas que debe emplear el trabajador para protegerse contra posibles lesiones o contratiempos durante la realizaci\u00f3n de su tarea habitual. Son elementos de barrera que se interponen entre la persona y el riesgo cuando no se puede evitar tal exposici\u00f3n.<\/b><\/span><\/p>\t\t\t\t\t\t\t\t<\/div>\n\t\t\t\t<\/div>\n\t\t\t\t<div class=\"elementor-element elementor-element-20f9b22 elementor-widget-divider--view-line elementor-widget elementor-widget-divider\" data-id=\"20f9b22\" data-element_type=\"widget\" data-e-type=\"widget\" data-widget_type=\"divider.default\">\n\t\t\t\t<div class=\"elementor-widget-container\">\n\t\t\t\t\t\t\t<div class=\"elementor-divider\">\n\t\t\t<span class=\"elementor-divider-separator\">\n\t\t\t\t\t\t<\/span>\n\t\t<\/div>\n\t\t\t\t\t\t<\/div>\n\t\t\t\t<\/div>\n\t\t\t\t\t<\/div>\n\t\t<\/div>\n\t\t\t\t\t<\/div>\n\t\t<\/section>\n\t\t\t\t<section class=\"elementor-section elementor-top-section elementor-element elementor-element-e8e20b9 elementor-section-boxed elementor-section-height-default elementor-section-height-default\" data-id=\"e8e20b9\" data-element_type=\"section\" data-e-type=\"section\">\n\t\t\t\t\t\t<div class=\"elementor-container elementor-column-gap-default\">\n\t\t\t\t\t<div class=\"elementor-column elementor-col-100 elementor-top-column elementor-element elementor-element-215af05\" data-id=\"215af05\" data-element_type=\"column\" data-e-type=\"column\">\n\t\t\t<div class=\"elementor-widget-wrap elementor-element-populated\">\n\t\t\t\t\t\t<section class=\"elementor-section elementor-inner-section elementor-element elementor-element-0e61133 elementor-section-boxed elementor-section-height-default elementor-section-height-default\" data-id=\"0e61133\" data-element_type=\"section\" data-e-type=\"section\">\n\t\t\t\t\t\t<div class=\"elementor-container elementor-column-gap-default\">\n\t\t\t\t\t<div class=\"elementor-column elementor-col-50 elementor-inner-column elementor-element elementor-element-a7df443\" data-id=\"a7df443\" data-element_type=\"column\" data-e-type=\"column\">\n\t\t\t<div class=\"elementor-widget-wrap elementor-element-populated\">\n\t\t\t\t\t\t<div class=\"elementor-element elementor-element-859a765 elementor-widget elementor-widget-image\" data-id=\"859a765\" data-element_type=\"widget\" data-e-type=\"widget\" data-widget_type=\"image.default\">\n\t\t\t\t<div class=\"elementor-widget-container\">\n\t\t\t\t\t\t\t\t\t\t\t\t\t\t\t<img decoding=\"async\" src=\"https:\/\/distribuidoraepso.com.ar\/dysepso\/wp-content\/uploads\/elementor\/thumbs\/guante-1-1-e1660933193577-pti7lk84kdt4ukwkym7gkvlhpzl525la6lnk3ktlsw.jpg\" title=\"guante (1)\" alt=\"guante (1)\" loading=\"lazy\" \/>\t\t\t\t\t\t\t\t\t\t\t\t\t\t\t<\/div>\n\t\t\t\t<\/div>\n\t\t\t\t\t<\/div>\n\t\t<\/div>\n\t\t\t\t<div class=\"elementor-column elementor-col-50 elementor-inner-column elementor-element elementor-element-5ca2f8f\" data-id=\"5ca2f8f\" data-element_type=\"column\" data-e-type=\"column\">\n\t\t\t<div class=\"elementor-widget-wrap elementor-element-populated\">\n\t\t\t\t\t\t<div class=\"elementor-element elementor-element-8197d8b elementor-widget elementor-widget-text-editor\" data-id=\"8197d8b\" data-element_type=\"widget\" data-e-type=\"widget\" data-widget_type=\"text-editor.default\">\n\t\t\t\t<div class=\"elementor-widget-container\">\n\t\t\t\t\t\t\t\t\t<p>Gu<b>ante Moteado Negro de algod\u00f3n y poli\u00e9ster<\/b><\/p><p>Guante tejido de algod\u00f3n y poli\u00e9ster. Moteado negro 1 cara.\u00a0<span style=\"letter-spacing: 0px;\">Pu\u00f1o elastizado. Confeccionado en una pieza, sin costuras que puedan irritar la piel. Garantiza ventilaci\u00f3n de las manos, evitando el calor y transpiraci\u00f3n en las mismas. Aagarre firme sin limitar movimientos, con una estructura m\u00e1s gruesa apropiada para trabajos exigentes.<\/span><\/p><p>[\u00a0<span style=\"background-color: #ffffff; font-weight: bold;\"><a href=\"https:\/\/epsosrl.mercadoshops.com.ar\/MLA-934578923-guante-moteado-negro-algodon-y-poliester-x-100-pares-_JM#position=1&amp;search_layout=stack&amp;type=item&amp;tracking_id=16795c5e-e032-4438-93fa-717e8f40b69b\">COMPRAR<\/a><\/span>\u00a0]<\/p>\t\t\t\t\t\t\t\t<\/div>\n\t\t\t\t<\/div>\n\t\t\t\t\t<\/div>\n\t\t<\/div>\n\t\t\t\t\t<\/div>\n\t\t<\/section>\n\t\t\t\t<div class=\"elementor-element elementor-element-62b8697 elementor-widget-divider--view-line elementor-widget elementor-widget-divider\" data-id=\"62b8697\" data-element_type=\"widget\" data-e-type=\"widget\" data-widget_type=\"divider.default\">\n\t\t\t\t<div class=\"elementor-widget-container\">\n\t\t\t\t\t\t\t<div class=\"elementor-divider\">\n\t\t\t<span class=\"elementor-divider-separator\">\n\t\t\t\t\t\t<\/span>\n\t\t<\/div>\n\t\t\t\t\t\t<\/div>\n\t\t\t\t<\/div>\n\t\t\t\t\t<\/div>\n\t\t<\/div>\n\t\t\t\t\t<\/div>\n\t\t<\/section>\n\t\t\t\t<\/div>\n\t\t","protected":false},"excerpt":{"rendered":"<p>Elemento de protecci\u00f3n personal (EPP) son todos aquellos accesorios y vestimentas que debe emplear el trabajador para protegerse contra posibles lesiones o contratiempos durante la realizaci\u00f3n de su tarea habitual. [&hellip;]<\/p>\n","protected":false},"author":1,"featured_media":0,"parent":0,"menu_order":0,"comment_status":"closed","ping_status":"closed","template":"","meta":{"footnotes":""},"class_list":["post-631","page","type-page","status-publish","hentry"],"yoast_head":"<!-- This site is optimized with the Yoast SEO plugin v27.3 - https:\/\/yoast.com\/product\/yoast-seo-wordpress\/ -->\n<title>elementos de protecci\u00f3n personal - DYSEPSO<\/title>\n<meta name=\"robots\" content=\"index, follow, max-snippet:-1, max-image-preview:large, max-video-preview:-1\" \/>\n<link rel=\"canonical\" href=\"https:\/\/distribuidoraepso.com.ar\/dysepso\/index.php\/elementosdeproteccionpersonal\/\" \/>\n<meta property=\"og:locale\" content=\"es_ES\" \/>\n<meta property=\"og:type\" content=\"article\" \/>\n<meta property=\"og:title\" content=\"elementos de protecci\u00f3n personal - DYSEPSO\" \/>\n<meta property=\"og:description\" content=\"Elemento de protecci\u00f3n personal (EPP) son todos aquellos accesorios y vestimentas que debe emplear el trabajador para protegerse contra posibles lesiones o contratiempos durante la realizaci\u00f3n de su tarea habitual. [&hellip;]\" \/>\n<meta property=\"og:url\" content=\"https:\/\/distribuidoraepso.com.ar\/dysepso\/index.php\/elementosdeproteccionpersonal\/\" \/>\n<meta property=\"og:site_name\" content=\"DYSEPSO\" \/>\n<meta property=\"article:modified_time\" content=\"2023-09-08T17:13:23+00:00\" \/>\n<meta property=\"og:image\" content=\"https:\/\/distribuidoraepso.com.ar\/dysepso\/wp-content\/uploads\/elementor\/thumbs\/guante-1-1-e1660933193577-pti7lk84kdt4ukwkym7gkvlhpzl525la6lnk3ktlsw.jpg\" \/>\n<meta name=\"twitter:card\" content=\"summary_large_image\" \/>\n<meta name=\"twitter:label1\" content=\"Tiempo de lectura\" \/>\n\t<meta name=\"twitter:data1\" content=\"1 minuto\" \/>\n<script type=\"application\/ld+json\" class=\"yoast-schema-graph\">{\"@context\":\"https:\\\/\\\/schema.org\",\"@graph\":[{\"@type\":\"WebPage\",\"@id\":\"https:\\\/\\\/distribuidoraepso.com.ar\\\/dysepso\\\/index.php\\\/elementosdeproteccionpersonal\\\/\",\"url\":\"https:\\\/\\\/distribuidoraepso.com.ar\\\/dysepso\\\/index.php\\\/elementosdeproteccionpersonal\\\/\",\"name\":\"elementos de protecci\u00f3n personal - DYSEPSO\",\"isPartOf\":{\"@id\":\"https:\\\/\\\/distribuidoraepso.com.ar\\\/dysepso\\\/#website\"},\"primaryImageOfPage\":{\"@id\":\"https:\\\/\\\/distribuidoraepso.com.ar\\\/dysepso\\\/index.php\\\/elementosdeproteccionpersonal\\\/#primaryimage\"},\"image\":{\"@id\":\"https:\\\/\\\/distribuidoraepso.com.ar\\\/dysepso\\\/index.php\\\/elementosdeproteccionpersonal\\\/#primaryimage\"},\"thumbnailUrl\":\"https:\\\/\\\/distribuidoraepso.com.ar\\\/dysepso\\\/wp-content\\\/uploads\\\/elementor\\\/thumbs\\\/guante-1-1-e1660933193577-pti7lk84kdt4ukwkym7gkvlhpzl525la6lnk3ktlsw.jpg\",\"datePublished\":\"2023-06-09T03:07:20+00:00\",\"dateModified\":\"2023-09-08T17:13:23+00:00\",\"breadcrumb\":{\"@id\":\"https:\\\/\\\/distribuidoraepso.com.ar\\\/dysepso\\\/index.php\\\/elementosdeproteccionpersonal\\\/#breadcrumb\"},\"inLanguage\":\"es\",\"potentialAction\":[{\"@type\":\"ReadAction\",\"target\":[\"https:\\\/\\\/distribuidoraepso.com.ar\\\/dysepso\\\/index.php\\\/elementosdeproteccionpersonal\\\/\"]}]},{\"@type\":\"ImageObject\",\"inLanguage\":\"es\",\"@id\":\"https:\\\/\\\/distribuidoraepso.com.ar\\\/dysepso\\\/index.php\\\/elementosdeproteccionpersonal\\\/#primaryimage\",\"url\":\"https:\\\/\\\/distribuidoraepso.com.ar\\\/dysepso\\\/wp-content\\\/uploads\\\/elementor\\\/thumbs\\\/guante-1-1-e1660933193577-pti7lk84kdt4ukwkym7gkvlhpzl525la6lnk3ktlsw.jpg\",\"contentUrl\":\"https:\\\/\\\/distribuidoraepso.com.ar\\\/dysepso\\\/wp-content\\\/uploads\\\/elementor\\\/thumbs\\\/guante-1-1-e1660933193577-pti7lk84kdt4ukwkym7gkvlhpzl525la6lnk3ktlsw.jpg\"},{\"@type\":\"BreadcrumbList\",\"@id\":\"https:\\\/\\\/distribuidoraepso.com.ar\\\/dysepso\\\/index.php\\\/elementosdeproteccionpersonal\\\/#breadcrumb\",\"itemListElement\":[{\"@type\":\"ListItem\",\"position\":1,\"name\":\"Portada\",\"item\":\"https:\\\/\\\/distribuidoraepso.com.ar\\\/dysepso\\\/\"},{\"@type\":\"ListItem\",\"position\":2,\"name\":\"elementos de protecci\u00f3n personal\"}]},{\"@type\":\"WebSite\",\"@id\":\"https:\\\/\\\/distribuidoraepso.com.ar\\\/dysepso\\\/#website\",\"url\":\"https:\\\/\\\/distribuidoraepso.com.ar\\\/dysepso\\\/\",\"name\":\"DYSEPSO\",\"description\":\"\",\"publisher\":{\"@id\":\"https:\\\/\\\/distribuidoraepso.com.ar\\\/dysepso\\\/#organization\"},\"potentialAction\":[{\"@type\":\"SearchAction\",\"target\":{\"@type\":\"EntryPoint\",\"urlTemplate\":\"https:\\\/\\\/distribuidoraepso.com.ar\\\/dysepso\\\/?s={search_term_string}\"},\"query-input\":{\"@type\":\"PropertyValueSpecification\",\"valueRequired\":true,\"valueName\":\"search_term_string\"}}],\"inLanguage\":\"es\"},{\"@type\":\"Organization\",\"@id\":\"https:\\\/\\\/distribuidoraepso.com.ar\\\/dysepso\\\/#organization\",\"name\":\"DYSEPSO\",\"url\":\"https:\\\/\\\/distribuidoraepso.com.ar\\\/dysepso\\\/\",\"logo\":{\"@type\":\"ImageObject\",\"inLanguage\":\"es\",\"@id\":\"https:\\\/\\\/distribuidoraepso.com.ar\\\/dysepso\\\/#\\\/schema\\\/logo\\\/image\\\/\",\"url\":\"https:\\\/\\\/distribuidoraepso.com.ar\\\/dysepso\\\/wp-content\\\/uploads\\\/2022\\\/07\\\/logo.jpg\",\"contentUrl\":\"https:\\\/\\\/distribuidoraepso.com.ar\\\/dysepso\\\/wp-content\\\/uploads\\\/2022\\\/07\\\/logo.jpg\",\"width\":1024,\"height\":541,\"caption\":\"DYSEPSO\"},\"image\":{\"@id\":\"https:\\\/\\\/distribuidoraepso.com.ar\\\/dysepso\\\/#\\\/schema\\\/logo\\\/image\\\/\"}}]}<\/script>\n<!-- \/ Yoast SEO plugin. -->","yoast_head_json":{"title":"elementos de protecci\u00f3n personal - DYSEPSO","robots":{"index":"index","follow":"follow","max-snippet":"max-snippet:-1","max-image-preview":"max-image-preview:large","max-video-preview":"max-video-preview:-1"},"canonical":"https:\/\/distribuidoraepso.com.ar\/dysepso\/index.php\/elementosdeproteccionpersonal\/","og_locale":"es_ES","og_type":"article","og_title":"elementos de protecci\u00f3n personal - DYSEPSO","og_description":"Elemento de protecci\u00f3n personal (EPP) son todos aquellos accesorios y vestimentas que debe emplear el trabajador para protegerse contra posibles lesiones o contratiempos durante la realizaci\u00f3n de su tarea habitual. [&hellip;]","og_url":"https:\/\/distribuidoraepso.com.ar\/dysepso\/index.php\/elementosdeproteccionpersonal\/","og_site_name":"DYSEPSO","article_modified_time":"2023-09-08T17:13:23+00:00","og_image":[{"url":"https:\/\/distribuidoraepso.com.ar\/dysepso\/wp-content\/uploads\/elementor\/thumbs\/guante-1-1-e1660933193577-pti7lk84kdt4ukwkym7gkvlhpzl525la6lnk3ktlsw.jpg","type":"","width":"","height":""}],"twitter_card":"summary_large_image","twitter_misc":{"Tiempo de lectura":"1 minuto"},"schema":{"@context":"https:\/\/schema.org","@graph":[{"@type":"WebPage","@id":"https:\/\/distribuidoraepso.com.ar\/dysepso\/index.php\/elementosdeproteccionpersonal\/","url":"https:\/\/distribuidoraepso.com.ar\/dysepso\/index.php\/elementosdeproteccionpersonal\/","name":"elementos de protecci\u00f3n personal - DYSEPSO","isPartOf":{"@id":"https:\/\/distribuidoraepso.com.ar\/dysepso\/#website"},"primaryImageOfPage":{"@id":"https:\/\/distribuidoraepso.com.ar\/dysepso\/index.php\/elementosdeproteccionpersonal\/#primaryimage"},"image":{"@id":"https:\/\/distribuidoraepso.com.ar\/dysepso\/index.php\/elementosdeproteccionpersonal\/#primaryimage"},"thumbnailUrl":"https:\/\/distribuidoraepso.com.ar\/dysepso\/wp-content\/uploads\/elementor\/thumbs\/guante-1-1-e1660933193577-pti7lk84kdt4ukwkym7gkvlhpzl525la6lnk3ktlsw.jpg","datePublished":"2023-06-09T03:07:20+00:00","dateModified":"2023-09-08T17:13:23+00:00","breadcrumb":{"@id":"https:\/\/distribuidoraepso.com.ar\/dysepso\/index.php\/elementosdeproteccionpersonal\/#breadcrumb"},"inLanguage":"es","potentialAction":[{"@type":"ReadAction","target":["https:\/\/distribuidoraepso.com.ar\/dysepso\/index.php\/elementosdeproteccionpersonal\/"]}]},{"@type":"ImageObject","inLanguage":"es","@id":"https:\/\/distribuidoraepso.com.ar\/dysepso\/index.php\/elementosdeproteccionpersonal\/#primaryimage","url":"https:\/\/distribuidoraepso.com.ar\/dysepso\/wp-content\/uploads\/elementor\/thumbs\/guante-1-1-e1660933193577-pti7lk84kdt4ukwkym7gkvlhpzl525la6lnk3ktlsw.jpg","contentUrl":"https:\/\/distribuidoraepso.com.ar\/dysepso\/wp-content\/uploads\/elementor\/thumbs\/guante-1-1-e1660933193577-pti7lk84kdt4ukwkym7gkvlhpzl525la6lnk3ktlsw.jpg"},{"@type":"BreadcrumbList","@id":"https:\/\/distribuidoraepso.com.ar\/dysepso\/index.php\/elementosdeproteccionpersonal\/#breadcrumb","itemListElement":[{"@type":"ListItem","position":1,"name":"Portada","item":"https:\/\/distribuidoraepso.com.ar\/dysepso\/"},{"@type":"ListItem","position":2,"name":"elementos de protecci\u00f3n personal"}]},{"@type":"WebSite","@id":"https:\/\/distribuidoraepso.com.ar\/dysepso\/#website","url":"https:\/\/distribuidoraepso.com.ar\/dysepso\/","name":"DYSEPSO","description":"","publisher":{"@id":"https:\/\/distribuidoraepso.com.ar\/dysepso\/#organization"},"potentialAction":[{"@type":"SearchAction","target":{"@type":"EntryPoint","urlTemplate":"https:\/\/distribuidoraepso.com.ar\/dysepso\/?s={search_term_string}"},"query-input":{"@type":"PropertyValueSpecification","valueRequired":true,"valueName":"search_term_string"}}],"inLanguage":"es"},{"@type":"Organization","@id":"https:\/\/distribuidoraepso.com.ar\/dysepso\/#organization","name":"DYSEPSO","url":"https:\/\/distribuidoraepso.com.ar\/dysepso\/","logo":{"@type":"ImageObject","inLanguage":"es","@id":"https:\/\/distribuidoraepso.com.ar\/dysepso\/#\/schema\/logo\/image\/","url":"https:\/\/distribuidoraepso.com.ar\/dysepso\/wp-content\/uploads\/2022\/07\/logo.jpg","contentUrl":"https:\/\/distribuidoraepso.com.ar\/dysepso\/wp-content\/uploads\/2022\/07\/logo.jpg","width":1024,"height":541,"caption":"DYSEPSO"},"image":{"@id":"https:\/\/distribuidoraepso.com.ar\/dysepso\/#\/schema\/logo\/image\/"}}]}},"_links":{"self":[{"href":"https:\/\/distribuidoraepso.com.ar\/dysepso\/index.php\/wp-json\/wp\/v2\/pages\/631","targetHints":{"allow":["GET"]}}],"collection":[{"href":"https:\/\/distribuidoraepso.com.ar\/dysepso\/index.php\/wp-json\/wp\/v2\/pages"}],"about":[{"href":"https:\/\/distribuidoraepso.com.ar\/dysepso\/index.php\/wp-json\/wp\/v2\/types\/page"}],"author":[{"embeddable":true,"href":"https:\/\/distribuidoraepso.com.ar\/dysepso\/index.php\/wp-json\/wp\/v2\/users\/1"}],"replies":[{"embeddable":true,"href":"https:\/\/distribuidoraepso.com.ar\/dysepso\/index.php\/wp-json\/wp\/v2\/comments?post=631"}],"version-history":[{"count":19,"href":"https:\/\/distribuidoraepso.com.ar\/dysepso\/index.php\/wp-json\/wp\/v2\/pages\/631\/revisions"}],"predecessor-version":[{"id":675,"href":"https:\/\/distribuidoraepso.com.ar\/dysepso\/index.php\/wp-json\/wp\/v2\/pages\/631\/revisions\/675"}],"wp:attachment":[{"href":"https:\/\/distribuidoraepso.com.ar\/dysepso\/index.php\/wp-json\/wp\/v2\/media?parent=631"}],"curies":[{"name":"wp","href":"https:\/\/api.w.org\/{rel}","templated":true}]}}