{"id":17,"date":"2022-07-01T18:10:38","date_gmt":"2022-07-01T18:10:38","guid":{"rendered":"https:\/\/distribuidoraepso.com.ar\/dysepso\/?page_id=17"},"modified":"2023-09-08T18:56:36","modified_gmt":"2023-09-08T18:56:36","slug":"productos","status":"publish","type":"page","link":"https:\/\/distribuidoraepso.com.ar\/dysepso\/index.php\/productos\/","title":{"rendered":"Productos"},"content":{"rendered":"\t\t<div data-elementor-type=\"wp-page\" data-elementor-id=\"17\" class=\"elementor elementor-17\">\n\t\t\t\t\t\t<section class=\"elementor-section elementor-top-section elementor-element elementor-element-eb71892 elementor-section-boxed elementor-section-height-default elementor-section-height-default\" data-id=\"eb71892\" data-element_type=\"section\" data-e-type=\"section\">\n\t\t\t\t\t\t<div class=\"elementor-container elementor-column-gap-default\">\n\t\t\t\t\t<div class=\"elementor-column elementor-col-100 elementor-top-column elementor-element elementor-element-08a8054\" data-id=\"08a8054\" data-element_type=\"column\" data-e-type=\"column\">\n\t\t\t<div class=\"elementor-widget-wrap elementor-element-populated\">\n\t\t\t\t\t\t<div class=\"elementor-element elementor-element-d8e9627 elementor-widget elementor-widget-text-editor\" data-id=\"d8e9627\" data-element_type=\"widget\" data-e-type=\"widget\" data-widget_type=\"text-editor.default\">\n\t\t\t\t<div class=\"elementor-widget-container\">\n\t\t\t\t\t\t\t\t\t<p><strong>Todos nuestros productos se caracterizan por su calidad, procesos de producci\u00f3n controlados y con packaging correspondiente, siempre con stock disponible de los art\u00edculos standard y con r\u00e1pida respuesta para aquellos especiales.<\/strong><\/p><p><strong>Contamos con equipo de veh\u00edculos utilitarios y camiones para entregas chicas, medianas o grandes que salen de nuestros dep\u00f3sitos en la localidad de Santos Lugares Bs As, con entregas gratuitas a Caba o Gran Bs As, entregando directamente en vuestra obra o dep\u00f3sito o en el transporte que Uds. nos indiquen en el caso de compras desde el interior del pa\u00eds.<\/strong><\/p><p><strong>Tenemos ya una clientela importante que vamos ampliando d\u00eda a d\u00eda con el trabajo y dedicaci\u00f3n de nuestro equipo comercial, con vendedores zonales para darles una atenci\u00f3n personalizada y que puedan despejar todas vuestras inquietudes a trav\u00e9s de ellos.<\/strong><\/p><p><strong>Acercamos a Uds. nuestras redes sociales (Instagram, Facebook, LinkedIn) para mantenerlos informados de promociones, nuevos productos, rese\u00f1as explicativas, fotos, videos, etc.\u2026<\/strong><\/p>\t\t\t\t\t\t\t\t<\/div>\n\t\t\t\t<\/div>\n\t\t\t\t\t<\/div>\n\t\t<\/div>\n\t\t\t\t\t<\/div>\n\t\t<\/section>\n\t\t\t\t<section class=\"elementor-section elementor-top-section elementor-element elementor-element-5b0b55f elementor-section-boxed elementor-section-height-default elementor-section-height-default\" data-id=\"5b0b55f\" data-element_type=\"section\" data-e-type=\"section\">\n\t\t\t\t\t\t<div class=\"elementor-container elementor-column-gap-custom\">\n\t\t\t\t\t<div class=\"elementor-column elementor-col-33 elementor-top-column elementor-element elementor-element-30922a7\" data-id=\"30922a7\" data-element_type=\"column\" data-e-type=\"column\">\n\t\t\t<div class=\"elementor-widget-wrap elementor-element-populated\">\n\t\t\t\t\t\t<div class=\"elementor-element elementor-element-8f843dd elementor-widget elementor-widget-image\" data-id=\"8f843dd\" data-element_type=\"widget\" data-e-type=\"widget\" data-widget_type=\"image.default\">\n\t\t\t\t<div class=\"elementor-widget-container\">\n\t\t\t\t\t\t\t\t\t\t\t\t\t\t\t\t<a href=\"https:\/\/distribuidoraepso.com.ar\/dysepso\/index.php\/division-construccion\/\">\n\t\t\t\t\t\t\t<img decoding=\"async\" src=\"https:\/\/distribuidoraepso.com.ar\/dysepso\/wp-content\/uploads\/elementor\/thumbs\/1c8e1068b55add73bb03bded65df2265-pr4wvffz7gi3z4o72ima7wyt3husbp30rj3v2f7afc.jpg\" title=\"1c8e1068b55add73bb03bded65df2265\" alt=\"1c8e1068b55add73bb03bded65df2265\" loading=\"lazy\" \/>\t\t\t\t\t\t\t\t<\/a>\n\t\t\t\t\t\t\t\t\t\t\t\t\t\t\t<\/div>\n\t\t\t\t<\/div>\n\t\t\t\t<div class=\"elementor-element elementor-element-df7ec24 elementor-widget elementor-widget-heading\" data-id=\"df7ec24\" data-element_type=\"widget\" data-e-type=\"widget\" data-widget_type=\"heading.default\">\n\t\t\t\t<div class=\"elementor-widget-container\">\n\t\t\t\t\t<h2 class=\"elementor-heading-title elementor-size-xl\">Divisi\u00f3n Construcci\u00f3n<\/h2>\t\t\t\t<\/div>\n\t\t\t\t<\/div>\n\t\t\t\t<div class=\"elementor-element elementor-element-365328d elementor-widget elementor-widget-spacer\" data-id=\"365328d\" data-element_type=\"widget\" data-e-type=\"widget\" data-widget_type=\"spacer.default\">\n\t\t\t\t<div class=\"elementor-widget-container\">\n\t\t\t\t\t\t\t<div class=\"elementor-spacer\">\n\t\t\t<div class=\"elementor-spacer-inner\"><\/div>\n\t\t<\/div>\n\t\t\t\t\t\t<\/div>\n\t\t\t\t<\/div>\n\t\t\t\t<div class=\"elementor-element elementor-element-dd0d1d4 elementor-widget elementor-widget-text-editor\" data-id=\"dd0d1d4\" data-element_type=\"widget\" data-e-type=\"widget\" data-widget_type=\"text-editor.default\">\n\t\t\t\t<div class=\"elementor-widget-container\">\n\t\t\t\t\t\t\t\t\t<p><span lang=\"es-ES\">Desde nuestra distribuidora queremos acercarles todo tipo de productos, novedosos o tradicionales para su obra, contando siempre con stock permanente y una log\u00edstica sencilla y r\u00e1pida para lograr las entregas en tiempo y forma con el fin de evitar cualquier tipo de atraso en vuestras obras..<br \/><\/span><span lang=\"es-ES\"><br \/>[ <b><a href=\"https:\/\/distribuidoraepso.com.ar\/dysepso\/index.php\/division-construccion\/\">VER MAS<\/a><\/b> ]<\/span><\/p>\t\t\t\t\t\t\t\t<\/div>\n\t\t\t\t<\/div>\n\t\t\t\t\t<\/div>\n\t\t<\/div>\n\t\t\t\t<div class=\"elementor-column elementor-col-33 elementor-top-column elementor-element elementor-element-103f9ce\" data-id=\"103f9ce\" data-element_type=\"column\" data-e-type=\"column\">\n\t\t\t<div class=\"elementor-widget-wrap elementor-element-populated\">\n\t\t\t\t\t\t<div class=\"elementor-element elementor-element-07221eb elementor-widget elementor-widget-image\" data-id=\"07221eb\" data-element_type=\"widget\" data-e-type=\"widget\" data-widget_type=\"image.default\">\n\t\t\t\t<div class=\"elementor-widget-container\">\n\t\t\t\t\t\t\t\t\t\t\t\t\t\t\t\t<a href=\"https:\/\/distribuidoraepso.com.ar\/dysepso\/index.php\/division-indumentaria\/\">\n\t\t\t\t\t\t\t<img decoding=\"async\" src=\"https:\/\/distribuidoraepso.com.ar\/dysepso\/wp-content\/uploads\/elementor\/thumbs\/IMG_4001-pse5ds4h5lk578mhckwbc9cx460zbgmzh16pr3bq14.jpg\" title=\"IMG_4001\" alt=\"IMG_4001\" loading=\"lazy\" \/>\t\t\t\t\t\t\t\t<\/a>\n\t\t\t\t\t\t\t\t\t\t\t\t\t\t\t<\/div>\n\t\t\t\t<\/div>\n\t\t\t\t<div class=\"elementor-element elementor-element-055cb9a elementor-widget elementor-widget-heading\" data-id=\"055cb9a\" data-element_type=\"widget\" data-e-type=\"widget\" data-widget_type=\"heading.default\">\n\t\t\t\t<div class=\"elementor-widget-container\">\n\t\t\t\t\t<h2 class=\"elementor-heading-title elementor-size-xl\">Divisi\u00f3n Indumentaria<\/h2>\t\t\t\t<\/div>\n\t\t\t\t<\/div>\n\t\t\t\t<div class=\"elementor-element elementor-element-42c72c2 elementor-widget elementor-widget-spacer\" data-id=\"42c72c2\" data-element_type=\"widget\" data-e-type=\"widget\" data-widget_type=\"spacer.default\">\n\t\t\t\t<div class=\"elementor-widget-container\">\n\t\t\t\t\t\t\t<div class=\"elementor-spacer\">\n\t\t\t<div class=\"elementor-spacer-inner\"><\/div>\n\t\t<\/div>\n\t\t\t\t\t\t<\/div>\n\t\t\t\t<\/div>\n\t\t\t\t<div class=\"elementor-element elementor-element-78f63eb elementor-widget elementor-widget-text-editor\" data-id=\"78f63eb\" data-element_type=\"widget\" data-e-type=\"widget\" data-widget_type=\"text-editor.default\">\n\t\t\t\t<div class=\"elementor-widget-container\">\n\t\t\t\t\t\t\t\t\t<p><span lang=\"es-ES\">Comercializamos todo lo referente a ropa de trabajo y accesorios que fabricamos en nuestros talleres con telas de 1era calidad para industrias de todo tipo y especialmente para el sector construcci\u00f3n..<\/span><span lang=\"es-ES\"><br \/><\/span><span style=\"color: var( --e-global-color-text ); letter-spacing: 0px;\"><br \/>\u00a0<\/span><span style=\"color: var( --e-global-color-text ); letter-spacing: 0px;\">[<\/span><span style=\"color: var( --e-global-color-text ); letter-spacing: 0px;\">\u00a0<\/span><span style=\"color: var( --e-global-color-text ); letter-spacing: 0px; font-weight: bold;\"><a href=\"https:\/\/distribuidoraepso.com.ar\/dysepso\/index.php\/division-indumentaria\/\">VER MAS<\/a><\/span><span style=\"color: var( --e-global-color-text ); letter-spacing: 0px;\">\u00a0<\/span><span style=\"color: var( --e-global-color-text ); letter-spacing: 0px;\">]<\/span><\/p>\t\t\t\t\t\t\t\t<\/div>\n\t\t\t\t<\/div>\n\t\t\t\t\t<\/div>\n\t\t<\/div>\n\t\t\t\t<div class=\"elementor-column elementor-col-33 elementor-top-column elementor-element elementor-element-b0eda3b\" data-id=\"b0eda3b\" data-element_type=\"column\" data-e-type=\"column\">\n\t\t\t<div class=\"elementor-widget-wrap elementor-element-populated\">\n\t\t\t\t\t\t<div class=\"elementor-element elementor-element-df22a73 elementor-widget elementor-widget-image\" data-id=\"df22a73\" data-element_type=\"widget\" data-e-type=\"widget\" data-widget_type=\"image.default\">\n\t\t\t\t<div class=\"elementor-widget-container\">\n\t\t\t\t\t\t\t\t\t\t\t\t\t\t\t<img decoding=\"async\" src=\"https:\/\/distribuidoraepso.com.ar\/dysepso\/wp-content\/uploads\/elementor\/thumbs\/guante-1-1-e1660933193577-pti7lk84kdtpb68vaovx3zfi3u1cc1kgs35e4jckug.jpg\" title=\"guante (1)\" alt=\"guante (1)\" loading=\"lazy\" \/>\t\t\t\t\t\t\t\t\t\t\t\t\t\t\t<\/div>\n\t\t\t\t<\/div>\n\t\t\t\t<div class=\"elementor-element elementor-element-905c084 elementor-widget elementor-widget-heading\" data-id=\"905c084\" data-element_type=\"widget\" data-e-type=\"widget\" data-widget_type=\"heading.default\">\n\t\t\t\t<div class=\"elementor-widget-container\">\n\t\t\t\t\t<h2 class=\"elementor-heading-title elementor-size-xl\">Elementos de<br>protecci\u00f3n personal<u><\/u><\/h2>\t\t\t\t<\/div>\n\t\t\t\t<\/div>\n\t\t\t\t<div class=\"elementor-element elementor-element-1ae14e1 elementor-widget elementor-widget-text-editor\" data-id=\"1ae14e1\" data-element_type=\"widget\" data-e-type=\"widget\" data-widget_type=\"text-editor.default\">\n\t\t\t\t<div class=\"elementor-widget-container\">\n\t\t\t\t\t\t\t\t\t<p><span lang=\"es-ES\">Un EPP es un equipo que protege al usuario del riesgo de accidentes o de efectos adversos para la salud. Puede incluir elementos como guantes, protecci\u00f3n de los ojos, prendas de alta visibilidad, calzado de seguridad, arneses de seguridad y equipos de protecci\u00f3n respiratoria<\/span><\/p><p><span style=\"letter-spacing: 0px;\"><span style=\"color: rgba(0, 0, 0, 0);\">\u00a0<\/span><\/span><span style=\"color: var( --e-global-color-text ); letter-spacing: 0px;\">[<\/span><span style=\"color: var( --e-global-color-text ); letter-spacing: 0px;\">\u00a0<\/span><a href=\"https:\/\/distribuidoraepso.com.ar\/dysepso\/index.php\/elementosdeproteccionpersonal\/\" rel=\"noopener\">VER MAS<\/a><span style=\"color: var( --e-global-color-text ); letter-spacing: 0px;\">\u00a0<\/span><span style=\"color: var( --e-global-color-text ); letter-spacing: 0px;\">]<\/span><\/p>\t\t\t\t\t\t\t\t<\/div>\n\t\t\t\t<\/div>\n\t\t\t\t\t<\/div>\n\t\t<\/div>\n\t\t\t\t\t<\/div>\n\t\t<\/section>\n\t\t\t\t<\/div>\n\t\t","protected":false},"excerpt":{"rendered":"<p>Todos nuestros productos se caracterizan por su calidad, procesos de producci\u00f3n controlados y con packaging correspondiente, siempre con stock disponible de los art\u00edculos standard y con r\u00e1pida respuesta para aquellos [&hellip;]<\/p>\n","protected":false},"author":1,"featured_media":0,"parent":0,"menu_order":0,"comment_status":"closed","ping_status":"closed","template":"","meta":{"footnotes":""},"class_list":["post-17","page","type-page","status-publish","hentry"],"yoast_head":"<!-- This site is optimized with the Yoast SEO plugin v27.3 - https:\/\/yoast.com\/product\/yoast-seo-wordpress\/ -->\n<title>Productos - DYSEPSO<\/title>\n<meta name=\"robots\" content=\"index, follow, max-snippet:-1, max-image-preview:large, max-video-preview:-1\" \/>\n<link rel=\"canonical\" href=\"https:\/\/distribuidoraepso.com.ar\/dysepso\/index.php\/productos\/\" \/>\n<meta property=\"og:locale\" content=\"es_ES\" \/>\n<meta property=\"og:type\" content=\"article\" \/>\n<meta property=\"og:title\" content=\"Productos - DYSEPSO\" \/>\n<meta property=\"og:description\" content=\"Todos nuestros productos se caracterizan por su calidad, procesos de producci\u00f3n controlados y con packaging correspondiente, siempre con stock disponible de los art\u00edculos standard y con r\u00e1pida respuesta para aquellos [&hellip;]\" \/>\n<meta property=\"og:url\" content=\"https:\/\/distribuidoraepso.com.ar\/dysepso\/index.php\/productos\/\" \/>\n<meta property=\"og:site_name\" content=\"DYSEPSO\" \/>\n<meta property=\"article:modified_time\" content=\"2023-09-08T18:56:36+00:00\" \/>\n<meta property=\"og:image\" content=\"https:\/\/distribuidoraepso.com.ar\/dysepso\/wp-content\/uploads\/elementor\/thumbs\/1c8e1068b55add73bb03bded65df2265-pr4wvffz7gi3z4o72ima7wyt3husbp30rj3v2f7afc.jpg\" \/>\n<meta name=\"twitter:card\" content=\"summary_large_image\" \/>\n<meta name=\"twitter:label1\" content=\"Tiempo de lectura\" \/>\n\t<meta name=\"twitter:data1\" content=\"2 minutos\" \/>\n<script type=\"application\/ld+json\" class=\"yoast-schema-graph\">{\"@context\":\"https:\\\/\\\/schema.org\",\"@graph\":[{\"@type\":\"WebPage\",\"@id\":\"https:\\\/\\\/distribuidoraepso.com.ar\\\/dysepso\\\/index.php\\\/productos\\\/\",\"url\":\"https:\\\/\\\/distribuidoraepso.com.ar\\\/dysepso\\\/index.php\\\/productos\\\/\",\"name\":\"Productos - DYSEPSO\",\"isPartOf\":{\"@id\":\"https:\\\/\\\/distribuidoraepso.com.ar\\\/dysepso\\\/#website\"},\"primaryImageOfPage\":{\"@id\":\"https:\\\/\\\/distribuidoraepso.com.ar\\\/dysepso\\\/index.php\\\/productos\\\/#primaryimage\"},\"image\":{\"@id\":\"https:\\\/\\\/distribuidoraepso.com.ar\\\/dysepso\\\/index.php\\\/productos\\\/#primaryimage\"},\"thumbnailUrl\":\"https:\\\/\\\/distribuidoraepso.com.ar\\\/dysepso\\\/wp-content\\\/uploads\\\/elementor\\\/thumbs\\\/1c8e1068b55add73bb03bded65df2265-pr4wvffz7gi3z4o72ima7wyt3husbp30rj3v2f7afc.jpg\",\"datePublished\":\"2022-07-01T18:10:38+00:00\",\"dateModified\":\"2023-09-08T18:56:36+00:00\",\"breadcrumb\":{\"@id\":\"https:\\\/\\\/distribuidoraepso.com.ar\\\/dysepso\\\/index.php\\\/productos\\\/#breadcrumb\"},\"inLanguage\":\"es\",\"potentialAction\":[{\"@type\":\"ReadAction\",\"target\":[\"https:\\\/\\\/distribuidoraepso.com.ar\\\/dysepso\\\/index.php\\\/productos\\\/\"]}]},{\"@type\":\"ImageObject\",\"inLanguage\":\"es\",\"@id\":\"https:\\\/\\\/distribuidoraepso.com.ar\\\/dysepso\\\/index.php\\\/productos\\\/#primaryimage\",\"url\":\"https:\\\/\\\/distribuidoraepso.com.ar\\\/dysepso\\\/wp-content\\\/uploads\\\/elementor\\\/thumbs\\\/1c8e1068b55add73bb03bded65df2265-pr4wvffz7gi3z4o72ima7wyt3husbp30rj3v2f7afc.jpg\",\"contentUrl\":\"https:\\\/\\\/distribuidoraepso.com.ar\\\/dysepso\\\/wp-content\\\/uploads\\\/elementor\\\/thumbs\\\/1c8e1068b55add73bb03bded65df2265-pr4wvffz7gi3z4o72ima7wyt3husbp30rj3v2f7afc.jpg\"},{\"@type\":\"BreadcrumbList\",\"@id\":\"https:\\\/\\\/distribuidoraepso.com.ar\\\/dysepso\\\/index.php\\\/productos\\\/#breadcrumb\",\"itemListElement\":[{\"@type\":\"ListItem\",\"position\":1,\"name\":\"Portada\",\"item\":\"https:\\\/\\\/distribuidoraepso.com.ar\\\/dysepso\\\/\"},{\"@type\":\"ListItem\",\"position\":2,\"name\":\"Productos\"}]},{\"@type\":\"WebSite\",\"@id\":\"https:\\\/\\\/distribuidoraepso.com.ar\\\/dysepso\\\/#website\",\"url\":\"https:\\\/\\\/distribuidoraepso.com.ar\\\/dysepso\\\/\",\"name\":\"DYSEPSO\",\"description\":\"\",\"publisher\":{\"@id\":\"https:\\\/\\\/distribuidoraepso.com.ar\\\/dysepso\\\/#organization\"},\"potentialAction\":[{\"@type\":\"SearchAction\",\"target\":{\"@type\":\"EntryPoint\",\"urlTemplate\":\"https:\\\/\\\/distribuidoraepso.com.ar\\\/dysepso\\\/?s={search_term_string}\"},\"query-input\":{\"@type\":\"PropertyValueSpecification\",\"valueRequired\":true,\"valueName\":\"search_term_string\"}}],\"inLanguage\":\"es\"},{\"@type\":\"Organization\",\"@id\":\"https:\\\/\\\/distribuidoraepso.com.ar\\\/dysepso\\\/#organization\",\"name\":\"DYSEPSO\",\"url\":\"https:\\\/\\\/distribuidoraepso.com.ar\\\/dysepso\\\/\",\"logo\":{\"@type\":\"ImageObject\",\"inLanguage\":\"es\",\"@id\":\"https:\\\/\\\/distribuidoraepso.com.ar\\\/dysepso\\\/#\\\/schema\\\/logo\\\/image\\\/\",\"url\":\"https:\\\/\\\/distribuidoraepso.com.ar\\\/dysepso\\\/wp-content\\\/uploads\\\/2022\\\/07\\\/logo.jpg\",\"contentUrl\":\"https:\\\/\\\/distribuidoraepso.com.ar\\\/dysepso\\\/wp-content\\\/uploads\\\/2022\\\/07\\\/logo.jpg\",\"width\":1024,\"height\":541,\"caption\":\"DYSEPSO\"},\"image\":{\"@id\":\"https:\\\/\\\/distribuidoraepso.com.ar\\\/dysepso\\\/#\\\/schema\\\/logo\\\/image\\\/\"}}]}<\/script>\n<!-- \/ Yoast SEO plugin. -->","yoast_head_json":{"title":"Productos - DYSEPSO","robots":{"index":"index","follow":"follow","max-snippet":"max-snippet:-1","max-image-preview":"max-image-preview:large","max-video-preview":"max-video-preview:-1"},"canonical":"https:\/\/distribuidoraepso.com.ar\/dysepso\/index.php\/productos\/","og_locale":"es_ES","og_type":"article","og_title":"Productos - DYSEPSO","og_description":"Todos nuestros productos se caracterizan por su calidad, procesos de producci\u00f3n controlados y con packaging correspondiente, siempre con stock disponible de los art\u00edculos standard y con r\u00e1pida respuesta para aquellos [&hellip;]","og_url":"https:\/\/distribuidoraepso.com.ar\/dysepso\/index.php\/productos\/","og_site_name":"DYSEPSO","article_modified_time":"2023-09-08T18:56:36+00:00","og_image":[{"url":"https:\/\/distribuidoraepso.com.ar\/dysepso\/wp-content\/uploads\/elementor\/thumbs\/1c8e1068b55add73bb03bded65df2265-pr4wvffz7gi3z4o72ima7wyt3husbp30rj3v2f7afc.jpg","type":"","width":"","height":""}],"twitter_card":"summary_large_image","twitter_misc":{"Tiempo de lectura":"2 minutos"},"schema":{"@context":"https:\/\/schema.org","@graph":[{"@type":"WebPage","@id":"https:\/\/distribuidoraepso.com.ar\/dysepso\/index.php\/productos\/","url":"https:\/\/distribuidoraepso.com.ar\/dysepso\/index.php\/productos\/","name":"Productos - DYSEPSO","isPartOf":{"@id":"https:\/\/distribuidoraepso.com.ar\/dysepso\/#website"},"primaryImageOfPage":{"@id":"https:\/\/distribuidoraepso.com.ar\/dysepso\/index.php\/productos\/#primaryimage"},"image":{"@id":"https:\/\/distribuidoraepso.com.ar\/dysepso\/index.php\/productos\/#primaryimage"},"thumbnailUrl":"https:\/\/distribuidoraepso.com.ar\/dysepso\/wp-content\/uploads\/elementor\/thumbs\/1c8e1068b55add73bb03bded65df2265-pr4wvffz7gi3z4o72ima7wyt3husbp30rj3v2f7afc.jpg","datePublished":"2022-07-01T18:10:38+00:00","dateModified":"2023-09-08T18:56:36+00:00","breadcrumb":{"@id":"https:\/\/distribuidoraepso.com.ar\/dysepso\/index.php\/productos\/#breadcrumb"},"inLanguage":"es","potentialAction":[{"@type":"ReadAction","target":["https:\/\/distribuidoraepso.com.ar\/dysepso\/index.php\/productos\/"]}]},{"@type":"ImageObject","inLanguage":"es","@id":"https:\/\/distribuidoraepso.com.ar\/dysepso\/index.php\/productos\/#primaryimage","url":"https:\/\/distribuidoraepso.com.ar\/dysepso\/wp-content\/uploads\/elementor\/thumbs\/1c8e1068b55add73bb03bded65df2265-pr4wvffz7gi3z4o72ima7wyt3husbp30rj3v2f7afc.jpg","contentUrl":"https:\/\/distribuidoraepso.com.ar\/dysepso\/wp-content\/uploads\/elementor\/thumbs\/1c8e1068b55add73bb03bded65df2265-pr4wvffz7gi3z4o72ima7wyt3husbp30rj3v2f7afc.jpg"},{"@type":"BreadcrumbList","@id":"https:\/\/distribuidoraepso.com.ar\/dysepso\/index.php\/productos\/#breadcrumb","itemListElement":[{"@type":"ListItem","position":1,"name":"Portada","item":"https:\/\/distribuidoraepso.com.ar\/dysepso\/"},{"@type":"ListItem","position":2,"name":"Productos"}]},{"@type":"WebSite","@id":"https:\/\/distribuidoraepso.com.ar\/dysepso\/#website","url":"https:\/\/distribuidoraepso.com.ar\/dysepso\/","name":"DYSEPSO","description":"","publisher":{"@id":"https:\/\/distribuidoraepso.com.ar\/dysepso\/#organization"},"potentialAction":[{"@type":"SearchAction","target":{"@type":"EntryPoint","urlTemplate":"https:\/\/distribuidoraepso.com.ar\/dysepso\/?s={search_term_string}"},"query-input":{"@type":"PropertyValueSpecification","valueRequired":true,"valueName":"search_term_string"}}],"inLanguage":"es"},{"@type":"Organization","@id":"https:\/\/distribuidoraepso.com.ar\/dysepso\/#organization","name":"DYSEPSO","url":"https:\/\/distribuidoraepso.com.ar\/dysepso\/","logo":{"@type":"ImageObject","inLanguage":"es","@id":"https:\/\/distribuidoraepso.com.ar\/dysepso\/#\/schema\/logo\/image\/","url":"https:\/\/distribuidoraepso.com.ar\/dysepso\/wp-content\/uploads\/2022\/07\/logo.jpg","contentUrl":"https:\/\/distribuidoraepso.com.ar\/dysepso\/wp-content\/uploads\/2022\/07\/logo.jpg","width":1024,"height":541,"caption":"DYSEPSO"},"image":{"@id":"https:\/\/distribuidoraepso.com.ar\/dysepso\/#\/schema\/logo\/image\/"}}]}},"_links":{"self":[{"href":"https:\/\/distribuidoraepso.com.ar\/dysepso\/index.php\/wp-json\/wp\/v2\/pages\/17","targetHints":{"allow":["GET"]}}],"collection":[{"href":"https:\/\/distribuidoraepso.com.ar\/dysepso\/index.php\/wp-json\/wp\/v2\/pages"}],"about":[{"href":"https:\/\/distribuidoraepso.com.ar\/dysepso\/index.php\/wp-json\/wp\/v2\/types\/page"}],"author":[{"embeddable":true,"href":"https:\/\/distribuidoraepso.com.ar\/dysepso\/index.php\/wp-json\/wp\/v2\/users\/1"}],"replies":[{"embeddable":true,"href":"https:\/\/distribuidoraepso.com.ar\/dysepso\/index.php\/wp-json\/wp\/v2\/comments?post=17"}],"version-history":[{"count":40,"href":"https:\/\/distribuidoraepso.com.ar\/dysepso\/index.php\/wp-json\/wp\/v2\/pages\/17\/revisions"}],"predecessor-version":[{"id":689,"href":"https:\/\/distribuidoraepso.com.ar\/dysepso\/index.php\/wp-json\/wp\/v2\/pages\/17\/revisions\/689"}],"wp:attachment":[{"href":"https:\/\/distribuidoraepso.com.ar\/dysepso\/index.php\/wp-json\/wp\/v2\/media?parent=17"}],"curies":[{"name":"wp","href":"https:\/\/api.w.org\/{rel}","templated":true}]}}